umber?
True
Is 27048751 a prime number?
False
Is 4756769 prime?
True
Is 449836251 prime?
False
Is 2860903 prime?
True
Is 7334023 a composite number?
False
Is 3178891 prime?
True
Is 45141079 composite?
False
Is 6957473 a composite number?
False
Is 384342163 a composite number?
True
Is 101376173 a composite number?
True
Is 92191201 a composite number?
False
Is 1079927 prime?
True
Is 73148639 a prime number?
False
Is 201191 a composite number?
True
Is 3061873 composite?
False
Is 104009639 a composite number?
False
Is 4462261 prime?
True
Is 222754723 prime?
False
Is 30071819 composite?
True
Is 27123779 prime?
True
Is 84497891 prime?
False
Is 815809 a composite number?
False
Is 1444697 a prime number?
True
Is 25130179 a prime number?
False
Is 1368769 a prime number?
False
Is 36202849 composite?
False
Is 4728577 composite?
True
Is 19003537 prime?
False
Is 273193117 prime?
True
Is 17920291 a composite number?
False
Is 103787 a composite number?
False
Is 198032689 a composite number?
True
Is 41120383 composite?
False
Is 11838259 prime?
True
Is 20935171 composite?
True
Is 270379141 prime?
False
Is 2409013 a composite number?
True
Is 8815663 prime?
True
Is 916361 composite?
False
Is 39197227 prime?
True
Is 626023 a composite number?
True
Is 8791561 a prime number?
True
Is 86759 composite?
True
Is 30221522 a composite number?
True
Is 7924901 prime?
True
Is 561787 composite?
False
Is 3017887 a prime number?
False
Is 136693639 a prime number?
True
Is 2844691 a prime number?
True
Is 543440999 a prime number?
True
Is 5850035 prime?
False
Is 2683649 a composite number?
False
Is 1678487 prime?
False
Is 1514743 prime?
False
Is 789221 a composite number?
False
Is 1842355 a composite number?
True
Is 2998361 a composite number?
True
Is 9205099 prime?
False
Is 28177621 a composite number?
False
Is 1411117 a prime number?
True
Is 146958359 prime?
True
Is 8768665 composite?
True
Is 23804743 a composite number?
True
Is 126523681 prime?
True
Is 598236851 a composite number?
True
Is 4188827 a prime number?
True
Is 2263043 a prime number?
False
Is 6343521 composite?
True
Is 37191815 a composite number?
True
Is 26315257 composite?
False
Is 181499 composite?
False
Is 17650793 a composite number?
False
Is 7358411 a composite number?
False
Is 2674829 composite?
False
Is 3763453 composite?
False
Is 4125757 prime?
False
Is 20685261 a prime number?
False
Is 4094657 a prime number?
False
Is 5409517 prime?
True
Is 111490853 a prime number?
False
Is 290757917 composite?
False
Is 22818931 composite?
False
Is 2310277 a prime number?
True
Is 129946879 composite?
False
Is 55107881 a composite number?
True
Is 107461249 a prime number?
False
Is 11531477 a prime number?
True
Is 415823313 composite?
True
Is 1400081 composite?
False
Is 317981 composite?
True
Is 27763961 a composite number?
False
Is 26904737 a composite number?
False
Is 72000161 prime?
True
Is 34388999 composite?
False
Is 295398211 a composite number?
False
Is 250918513 a composite number?
False
Is 2077679 composite?
True
Is 1061352899 composite?
True
Is 2456323 composite?
False
Is 55328833 a composite number?
True
Is 3512867 composite?
True
Is 6065593 a prime number?
True
Is 217699177 a prime number?
False
Is 16633093 a composite number?
False
Is 61977271 a prime number?
True
Is 57346915 composite?
True
Is 91023307 composite?
False
Is 1435997 a composite number?
False
Is 46636399 a composite number?
False
Is 31261057 a prime number?
False
Is 457229 composite?
False
Is 41005519 prime?
True
Is 96779357 composite?
False
Is 4570567 a prime number?
True
Is 889392431 a prime number?
False
Is 829810873 prime?
False
Is 22775957 a prime number?
False
Is 64798141 prime?
False
Is 114887869 composite?
True
Is 15228251 composite?
False
Is 47549449 a prime number?
True
Is 85712111 prime?
True
Is 8159729 a composite number?
True
Is 1218815641 a prime number?
False
Is 126471559 prime?
True
Is 179382569 a prime number?
False
Is 25382381 a prime number?
True
Is 14090803 prime?
True
Is 3488777 a composite number?
False
Is 2264443 prime?
True
Is 5600597 prime?
False
Is 100326397 a prime number?
True
Is 15075647 prime?
True
Is 152956849 prime?
True
Is 3915601 a prime number?
True
Is 6803191 a prime number?
False
Is 297986093 a composite number?
True
Is 56883919 a prime number?
True
Is 451859 composite?
False
Is 28513031 composite?
True
Is 5942119 composite?
True
Is 1711363 composite?
True
Is 8237617 prime?
True
Is 12176069 composite?
True
Is 16795418 a prime number?
False
Is 2858293 prime?
False
Is 61446835 a prime number?
False
Is 331941479 a composite number?
False
Is 17801189 a composite number?
True
Is 51256853 a composite number?
True
Is 21571915 a composite number?
True
Is 88932779 a prime number?
False
Is 2576449 a composite number?
True
Is 13709119 a composite number?
True
Is 3932447 a prime number?
True
Is 6874961 a composite number?
False
Is 9699685 a composite number?
True
Is 744977 a composite number?
False
Is 101827147 composite?
False
Is 3002897 composite?
True
Is 246469 a prime number?
True
Is 113079101 a prime number?
False
Is 125729309 a prime number?
False
Is 76332637 a composite number?
True
Is 43207457 composite?
True
Is 81621301 composite?
True
Is 20941981 a composite number?
False
Is 23190247 a prime number?
True
Is 77107279 prime?
True
Is 72763 prime?
True
Is 3231199 a prime number?
False
Is 69388871 a prime number?
True
Is 10011943 composite?
True
Is 12755887 prime?
False
Is 532141 a composite number?
False
Is 5470013 composite?
False
Is 33002219 a prime number?
False
Is 4469911 prime?
True
Is 1063252111 a composite number?
True
Is 26438171 a composite number?
True
Is 5925083 prime?
True
Is 134206591 prime?
False
Is 19564385 a prime number?
False
Is 32955905 prime?
False
Is 21819097 a composite number?
False
Is 755107 composite?
False
Is 46884601 a prime number?
True
Is 240406651 composite?
True
Is 60180751 prime?
False
Is 2215573 a composite number?
False
Is 41193013 a composite number?
False
Is 1068979 composite?
True
Is 2393439 a prime number?
False
Is 3689573 prime?
True
Is 1243062203 prime?
False
Is 30550381 a composite number?
False
Is 21462019 prime?
True
Is 188653 composite?
False
Is 66188249 composite?
True
Is 1877131 prime?
False
Is 2355595931 prime?
False
Is 68177341 composite?
True
Is 2037419 prime?
True
Is 21776591 prime?
True
Is 260011051 a prime number?
False
Is 189305 composite?
True
Is 35528833 a composite number?
False
Is 103034311 prime?
True
Is 21346907 composite?
False
Is 302161663 a composite number?
False
Is 192999559 a composite number?
True
Is 47668042 prime?
False
Is 136901861 prime?
True
Is 6565133 a composite number?
False
Is 58867397 prime?
True
Is 2976631 a composite number?
True
Is 1798861 prime?
True
Is 2728339 composite?
True
Is 121825103 a composite number?
False
Is 1224497 a composite number?
True
Is 138617 prime?
True
Is 938763697 a prime number?
True
Is 33431891 composite?
False
Is 5601907 prime?
True
Is 5337383 a composite number?
True
Is 1416539 a prime number?
False
Is 86157779 a prime number?
False
Is 6094173 prime?
False
Is 1653101 a prime number?
True
Is 194569 composite?
False
Is 7488913 a composite number?
True
Is 629949113 prime?
True
Is 305510741 a prime number?
False
Is 3000581 composite?
True
Is 5600237 a prime number?
True
Is 7471759 a composite number?
True
Is 96620389 a prime number?
True
Is 2412281 a prime number?
False
Is 7636037 prime?
True
Is 177189083 a composite number?
False
Is 7241513 composite?
False
Is 680707 a prime number?
True
Is 225095213 prime?
False
Is 20584766 a composite number?
True
Is 8474381 a composite number?
True
Is 1220689 prime?
True
Is 10072289 a prime number?
True
Is 765227 composite?
False
Is 84276757 composite?
True
Is 136739297 a prime number?
False
Is 29137033 prime?
True
Is 15757823 a prime number?
False
Is 2000447 prime?
True
Is 109142569 a prime number?
False
Is 48282757 a composite number?
False
Is 854627 composite?
True
Is 4480969 composite?
True
Is 11092915 a prime number?
False
Is 16098809 composite?
False
Is 1826257 prime?
True
Is 14503145 a composite number?
True
Is 389669222 prime?
False
Is 7996463 composite?
False
Is 24419831 prime?
True
Is 84002471 prime?
False
Is 6193843 composite?
False
Is 52506973 prime?
False
Is 4911